/60*x**5. Give y(-5).
-7
Let w(v) = 2*v**2 - 2. Let y(m) = -m**2 + m + 2. Let d be y(0). Suppose 2*s + d*s - 4*l = 0, -s - 3*l = 8. Calculate w(s).
6
Suppose 4*b - 9 = -s, 5*b = -0*b + 3*s - 10. Let c(i) be the first derivative of -2 + 0*i + 0*i**3 - 1/2*i**2 - 5/4*i**4. Calculate c(b).
-6
Let w(i) be the first derivative of -i**4/4 - i**3/3 + 2*i - 5. Let h be w(0). Let t(f) = 0*f + f**h + 3*f + 2*f - 6*f. Calculate t(-1).
2
Let c(z) be the first derivative of z - 2. Let x(o) = o**2 - 5*o + 7. Let i(w) = -3*c(w) + x(w). Let a = 11 - 6. Give i(a).
4
Let g(f) = -f**2 + 6*f. Let i = 28 - 26. Let s = 7 - i. What is g(s)?
5
Let q(x) = x**3 - x**2 + 9*x - 1. Let g = -14 + 8. Let p(i) = i + 0*i + 3 - 3. Let b(y) = g*p(y) + q(y). Give b(2).
9
Let l(d) be the first derivative of -d**4/4 - d**3/3 - d**2/2 + 14*d + 7. Determine l(0).
14
Suppose -2*f = -7*f - 100. Let i = 23 + f. Let c(x) = 2*x**2 + 0*x - 2*x + 0*x**2 - 4. Determine c(i).
8
Let n(b) = b**3 + 6*b**2 + 4*b. Suppose 21 = p - 4*y, -4*y = y - 5. Let f be 92/20 - 4/(-10). Suppose p = -f*z + 5*l, -5 = z + 2*l - 0. Calculate n(z).
5
Let k(w) be the second derivative of w**4/12 - w**3/2 + w**2/2 - 4*w. Calculate k(2).
-1
Let b(k) = k**2 + 2*k - 1. Suppose -21 = 6*v - 9. Calculate b(v).
-1
Let r(z) = z**3 + 3*z - 3. Suppose -4*g - 3*q = -18, g = -3*q - 2 + 11. Suppose -4*f - g*k + 4*k = -10, -2*k = 4. Calculate r(f).
11
Let i(b) = -3*b + 1. Let x be i(-2). Suppose 0 = 3*a - l - 3 - 4, -2*l = a - x. Let m(d) = 3 - a*d - 2 + 9*d. Give m(-1).
-5
Let a(x) = x - 4. Let m be a(-8). Let l = 9 + m. Let j(b) = -1. Let y(n) = -n**3 - 2*n**2 + n. Let r(k) = j(k) + y(k). Give r(l).
5
Suppose -5*u + 10 = -0*u. Let q(v) = 6 + 0*v - 3*v + v - u. Determine q(3).
-2
Let a(r) = 42*r**3 - 1 + 8*r**2 - 4 - 43*r**3. What is a(8)?
-5
Let c(z) be the third derivative of -z**4/24 - 4*z**3/3 + 10*z**2. Suppose -2*x + 5*n = 17, -5*x - 21 = -x + 3*n. Calculate c(x).
-2
Let k(o) = -o**2 + 11*o - 12. Let m be k(10). Let b(w) be the first derivative of 3*w**2/2 + 4. Determine b(m).
-6
Let m(b) = 5 - 4 - 2*b + 18*b. Let a be (2/(-4))/((-2)/(-4)). Give m(a).
-15
Let v(p) = p**3 - p**2 + p - 4. Let a be 10/(-6) + (-50)/(-30). Determine v(a).
-4
Suppose 8*j = 4*j. Let k(r) = -r**3 - r**2 + 1. Determine k(j).
1
Let m(t) = 6*t**2 - t - 7. Let q(l) = -l**2 + l + 1. Let z(h) = -m(h) - 5*q(h). What is z(-4)?
2
Let q(w) = w**3 + 2*w**2 - 2. Let j = -30 + 52. Suppose -v + j = 5*n - 4*v, 0 = 5*v + 20. Suppose -n = -h + 2*h. Give q(h).
-2
Let z = 66 + -46. Let v(h) = -h**2 - 4*h + 3*h**2 + 21 - z. Calculate v(3).
7
Let w be 5/2*(2 - 0). Let l(k) = 8*k**3 - 4*k**2 + 5. Let f(s) = 9*s**3 - 5*s**2 + 6. Let o(p) = w*f(p) - 6*l(p). Calculate o(-1).
2
Let t = 3 - 0. Let s(c) = 4 + 2*c + c**2 - 6 - t. What is s(-4)?
3
Let h(t) = -t - 1. Let s be -15*2*1/(-5). Let g(j) = 5*j + 7. Let x(i) = s*h(i) + g(i). Calculate x(-3).
4
Let w(j) be the second derivative of -j**5/20 - j**4/3 + j**3/6 + j**2 - 2*j. Let k be (-5)/((-40)/(-12))*2. Calculate w(k).
-10
Suppose -11*d + 14*d + 3 = 0. Let x(g) = g**3 + g**2. What is x(d)?
0
Let n be 6*(0 - -3)/6. Let m(o) = 2*o - 1 + 2 - 3*o + n*o. Determine m(-4).
-7
Let s(k) = 6*k**2 - k**3 + 2*k**2 - 21 + 12 + k. Give s(8).
-1
Suppose g + 4*g - 25 = 0. Suppose g*q = -8 + 28. Let x(p) = -p**2 + 5*p - 2. Calculate x(q).
2
Suppose 4*s + 9*s = 52. Let l(c) = -3*c + 2. Give l(s).
-10
Let d = -1 + 6. Let m(z) = -3*z - 3*z + 4 + d*z. Let h = 4 - 1. Determine m(h).
1
Let q(i) = -i**3 + 4*i**2 + 4*i + 7. Let t(n) = -9*n**2 + 13. Let l(m) = -5*m**2 + 7. Let v(x) = -11*l(x) + 6*t(x). Let j be v(2). Give q(j).
2
Let d(i) = i**3 + 6*i**2 - 7*i + 4. Suppose z + 35 = -4*z - 4*l, -z - 5*l - 7 = 0. Let k be d(z). Let s(f) = f**2 - 5*f + 2. Give s(k).
-2
Let h(z) = -2*z**2 - 2*z. Let w = 29 + -31. Give h(w).
-4
Let m(q) = -7*q - 3. Suppose 4*z + t - 6*t = 9, -5*z + 10 = -5*t. Let v(k) = k. Suppose 6 = -a + 2*a. Let x(h) = a*v(h) + z*m(h). Calculate x(-5).
2
Let z(d) = 14*d**2 + 10*d + 26. Let y(c) = -5*c**2 - 3*c - 9. Let h(r) = -11*y(r) - 4*z(r). Determine h(-6).
1
Let x(g) be the second derivative of -g**4/12 - 2*g**3/3 - 3*g. Let y be x(-4). Let m be -1*y/(-6 - -3). Let f(k) = -k + 1. What is f(m)?
1
Let o(i) = i + 17. Suppose 4 = 2*x + 22. Determine o(x).
8
Let h(t) = t - 3. Let c(w) = -w + 6. Let f be c(0). Let r be h(f). Let b = r + -4. Let p(i) = -5*i - 1. Calculate p(b).
4
Let m(g) be the third derivative of 1/3*g**3 - 5/24*g**4 - 4*g**2 + 0*g + 0 + 1/30*g**5. What is m(3)?
5
Let f(o) = o - 3. Let a be f(4). Let h(z) = 1 + z + 1 - 2 + 6*z**2 + a. Determine h(-1).
6
Let m(d) = -5*d**2 + 5*d + 4. Let q(w) = 4*w**2 - 6*w - 5. Let n(i) = -6*m(i) - 5*q(i). Let h be -1 - ((-11)/6 + 2/(-12)). Calculate n(h).
11
Suppose -i - 8 = -4*c - 0*i, -5*c - 11 = 4*i. Let k(a) = -9*a - 1. Let o(m) = -8*m - 1. Let p(v) = -3*k(v) + 4*o(v). Calculate p(c).
-6
Let m(j) = j**3 + 7*j**2 - 8*j - 3. Let y be m(-8). Let b(v) = -v + 2. Let n(a) = -5*a + 11. Let s(t) = -11*b(t) + 2*n(t). What is s(y)?
-3
Let a(n) = 3*n - 1. Let b(l) = l**2 - l - 5. Let g be b(-3). Suppose 4*p - g*p - 3 = 0. Calculate a(p).
-4
Let o(q) = -4*q**3 + 10*q**2 - 5*q - 4. Let x(n) = 7*n**3 - 19*n**2 + 10*n + 7. Let y(l) = 5*o(l) + 3*x(l). Let s = -3 + 9. What is y(s)?
-5
Let a(g) = 12*g**3 + 2*g**2 - g. Let h(j) = j + 5. Suppose -3*m = -9 - 3. Suppose 0*d + 1 = -m*d + 5*v, 0 = -2*d + v - 5. Let n be h(d). Calculate a(n).
13
Let n(w) be the third derivative of w**5/60 - 5*w**4/24 + w**3/2 - 32*w**2. Give n(5).
3
Let f be -5*(3/(-12) - (-102)/120). Let p(a) = a**2 - a - 3. Determine p(f).
9
Let s(t) = t**3 - 10*t**2 - 12*t + 8. Let q = -19 - -30. Let d be s(q). Let p(z) = 5*z + 4. Determine p(d).
-11
Let j(p) = 0*p**3 - p**3 - 11 + 28 - 14 + 2*p + p**2. Determine j(-2).
11
Let c = 13 + -8. Let f = -6 - -8. Let w(y) = 13 - 4 - f*y - 5. Calculate w(c).
-6
Let f = -30 - -28. Let y(i) = 3*i + 1. What is y(f)?
-5
Let k(j) = j + 7. Let l = -35 - -29. Give k(l).
1
Let b(t) = 7*t - 2. Let i(x) = 8*x - 2. Let y(h) = -7*b(h) + 6*i(h). Suppose -2*c = -0*c - 2. Calculate y(c).
1
Suppose -3*s = n - 1, n + 3*n - 4 = s. Let o be s*((-1 - -2) + -2). Let m(r) = r + 5. Let b(y) = -2*y - 4. Let k(f) = -2*b(f) - 3*m(f). Give k(o).
-7
Let r(a) = -1. Let h(d) = 2 - 2*d - 3*d**2 + 0*d + 2*d**2. Let k(x) = 3*x**2 + 6*x - 6. Let v(y) = 11*h(y) + 4*k(y). Let p(i) = 5*r(i) - v(i). Calculate p(-2).
-3
Let l(j) = j**3 - 8*j**2 - 10*j + 6. Let q be l(9). Let u(f) = f + 4. Determine u(q).
1
Let o(j) = -6*j + 106 - 214 - j**2 + 107. Calculate o(-5).
4
Let m(o) = o**3 + 5*o**2 - 8*o - 9. Let g be m(-6). Let h(f) = -2 + g*f + 3*f**2 + 0 - f. Let q be 0/(3 + -1) - 2. Give h(q).
6
Let n be 3 - 0/((6*-1)/3). Let b(p) = -p**3 + 3*p**2 - 3*p - 3. Calculate b(n).
-12
Suppose -u + 11 = v - 13, -v - 56 = -3*u. Let x(l) = -21*l**2 + 1 - 1 + 9*l**3 + u*l**2. Determine x(1).
8
Let o(i) = -i + 1. Suppose -l = 3*u + 18, 6*u - 30 = 3*l + 3*u. Let m = 4 + 3. Let t = m + l. What is o(t)?
6
Suppose -n = 2*a + 1, n = 3*n + 6. Let p(z) = 6*z**3 - z**2. Calculate p(a).
5
Suppose 2*j - 5 = j. Let x(n) = -5*n - n**2 - j + 6 - 5 - 1. Let f(u) = u**3 - 7*u**2 + 5*u + 2. Let m be f(6). What is x(m)?
-1
Suppose y = -4*t + 5, -6*y - 4*t = -3*y - 7. Let o(j) = -7*j + 1. Calculate o(y).
-6
Let r(t) = t**2 - t. Let w(o) = -5*o**2 + 5*o + 7. Let c(h) = -4*r(h) - w(h). Let f be (-2)/(-5) + 17/(-5). Let d be 1/3 + 1/f. Calculate c(d).
-7
Let x(i) = 2*i**2 - 2. Let s be x(2). Let k(b) = -7*b**3 - 3*b**2 + 5*b + 2. Let y(d) = 13*d**3 + 5*d**2 - 10*d - 3. Let n(o) = s*y(o) + 11*k(o). What is n(4)?
0
Let h(u) be the second derivative of u + 0 + u**2 - 1/6*u**4 - 1/3*u**3. Give h(-3).
-10
Let o be (-3)/2*8/(-3). Let y(s) = -6*s**2 + o - 2*s - 17 + 9 + s**3. What is y(6)?
-16
Let v(p) = -p. Let d be v(1). Let t(y) = -6*y**2 - 9*y - 7. Let n(h) = 3*h**2 + 4*h + 3. Let o(m) = 9*n(m) + 4*t(m). What is o(d)?
2
Suppose 4*r = -18 + 2. Let p be 2 - 0/(-3 + 1). Let h(l) = 0*l**2 - 2 - l**p + 0*l**2 + l - 5*l. Calculate h(r).
-2
Let o(d) be the third derivative of -d**6/120 + d**5/15 + d**4/6 - d**3/2 - d**2. Suppose 0*x + 2*y = 3*x - 9, 5*x - y = 22. Determine o(x).
-8
Suppose -12 = -3*k - k. Let d(n) = -n**2 + 2*n + 4. What is d(k)?
1
Let s(z) = -z + 7. 